False
Is 160490581 a multiple of 197?
True
Is 129216404 a multiple of 452?
True
Is 37266498 a multiple of 2718?
True
Does 10 divide 7589180?
True
Is 301359238 a multiple of 17?
True
Does 186 divide 55261716?
True
Is 384 a factor of 3557376?
True
Is 278406558 a multiple of 104?
False
Does 908 divide 13782332?
False
Does 18 divide 975724082?
False
Does 3855 divide 453895410?
True
Is 200248728 a multiple of 1289?
True
Is 24 a factor of 1763902?
False
Is 358 a factor of 3224974?
False
Does 7638 divide 548853616?
False
Is 254 a factor of 910706586?
True
Does 631 divide 35608950?
False
Is 34 a factor of 24378408?
True
Is 102179700 a multiple of 2205?
True
Is 290 a factor of 43355000?
True
Is 6589281 a multiple of 61?
True
Is 29 a factor of 379790264?
True
Does 97 divide 1497823436?
False
Does 15 divide 5306215444?
False
Does 1637 divide 58589867?
True
Is 571462208 a multiple of 15?
False
Is 8939045 a multiple of 6?
False
Does 53 divide 944949084?
True
Does 94 divide 3131134743?
False
Is 1977177795 a multiple of 2728?
False
Is 35 a factor of 34615307?
False
Is 347 a factor of 254066460?
True
Is 97552236 a multiple of 40?
False
Is 3945744 a multiple of 423?
True
Is 32670541 a multiple of 677?
False
Does 1332 divide 6927836?
False
Does 226 divide 48479073?
False
Does 298 divide 71043200?
True
Is 37021864 a multiple of 58?
True
Is 34 a factor of 792109390?
True
Is 17645367 a multiple of 291?
True
Is 8 a factor of 397928559?
False
Is 290081693 a multiple of 628?
False
Is 16 a factor of 122119680?
True
Is 3131 a factor of 773686782?
False
Is 13 a factor of 220188059?
True
Does 2977 divide 2534034664?
False
Is 129 a factor of 450736334?
False
Is 28 a factor of 11986884?
True
Is 17883432 a multiple of 1681?
False
Does 48 divide 32290416?
True
Is 1427022567 a multiple of 260?
False
Does 2 divide 25158549?
False
Is 83994876 a multiple of 12?
True
Does 1454 divide 350315128?
True
Is 566175929 a multiple of 11?
True
Is 897 a factor of 162855993?
False
Does 46 divide 384751171?
False
Does 29 divide 2537149390?
True
Does 855 divide 2079377378?
False
Is 1000405219 a multiple of 9?
False
Is 769371704 a multiple of 109?
True
Is 731 a factor of 8867761?
True
Is 14 a factor of 110966422?
True
Does 1279 divide 115427483?
False
Is 231356412 a multiple of 486?
True
Is 15924120 a multiple of 3?
True
Is 655 a factor of 39692020?
False
Is 831 a factor of 8880908504?
False
Is 14367672 a multiple of 44?
True
Is 14902055 a multiple of 17?
False
Does 2 divide 58382003?
False
Does 4437 divide 298900876?
False
Does 17 divide 3381350881?
True
Does 56 divide 133108864?
True
Is 755632692 a multiple of 3789?
True
Is 6 a factor of 312521697?
False
Does 22 divide 3537306?
False
Is 75365718 a multiple of 97?
False
Is 59 a factor of 7500966?
False
Is 76548281 a multiple of 56?
False
Is 57 a factor of 123873816?
False
Does 746 divide 38267175?
False
Is 142359955 a multiple of 289?
True
Is 36792 a multiple of 45?
False
Is 8446070 a multiple of 6?
False
Is 15 a factor of 761430569?
False
Is 2163000 a multiple of 206?
True
Is 138407360 a multiple of 392?
True
Is 713611574 a multiple of 2543?
True
Is 82 a factor of 2339902308?
True
Does 84 divide 83448382?
False
Is 109 a factor of 932687058?
True
Does 879 divide 189599355?
False
Is 77550565 a multiple of 1075?
False
Does 15 divide 3597158?
False
Is 48 a factor of 75112829?
False
Is 3920560 a multiple of 10?
True
Does 2860 divide 556834969?
False
Does 3036 divide 201982044?
True
Is 74970529 a multiple of 1899?
False
Is 2205 a factor of 10385550?
True
Does 10 divide 78546460?
True
Is 20 a factor of 117544020?
True
Does 46 divide 7908840076?
True
Is 5 a factor of 109834?
False
Is 18 a factor of 90066663?
False
Is 2289185821 a multiple of 151?
True
Is 9961023 a multiple of 1011?
False
Is 2445480 a multiple of 45?
True
Is 3158 a factor of 171836254?
True
Is 35 a factor of 45693018?
False
Is 2252564542 a multiple of 204?
False
Is 62 a factor of 517449396?
True
Does 53 divide 145974319?
False
Is 25376690 a multiple of 16?
False
Does 3011 divide 691728644?
False
Does 985 divide 14276590?
True
Does 23 divide 449855?
False
Does 85 divide 2233548?
False
Does 25 divide 709798200?
True
Does 108 divide 11879007?
False
Is 388273301 a multiple of 37?
True
Is 208227954 a multiple of 38?
True
Does 3840 divide 492833880?
False
Is 89 a factor of 2661093106?
False
Is 17191987 a multiple of 239?
True
Is 48028156 a multiple of 25?
False
Is 20 a factor of 66512459?
False
Is 126073324 a multiple of 1534?
True
Is 3631745547 a multiple of 815?
False
Does 41 divide 821335534?
True
Does 344 divide 622972304?
True
Does 1228 divide 360938932?
False
Is 98 a factor of 405791483?
False
Is 2695 a factor of 48590850?
True
Does 69 divide 260021670?
True
Does 424 divide 38851919?
False
Is 29 a factor of 22585403?
True
Is 27 a factor of 976271197?
False
Does 52 divide 22363692?
True
Is 18526641 a multiple of 118?
False
Is 1609880 a multiple of 139?
False
Does 2866 divide 573134224?
False
Does 195 divide 1277515001?
False
Is 2153 a factor of 1604159393?
True
Is 9 a factor of 907060286?
False
Is 705485070 a multiple of 5?
True
Is 1504123332 a multiple of 46?
False
Does 26 divide 212920110?
True
Is 627 a factor of 419897428?
False
Is 87654138 a multiple of 684?
False
Is 38 a factor of 327392901?
False
Is 1782 a factor of 323388502?
False
Is 118242976 a multiple of 232?
True
Is 34867746 a multiple of 18?
True
Is 89 a factor of 43102200?
False
Is 845 a factor of 908964883?
False
Is 104 a factor of 38219064?
True
Is 1756803289 a multiple of 5339?
True
Is 6276 a factor of 544929731?
False
Is 165 a factor of 174171123?
False
Does 16 divide 494322907?
False
Is 81 a factor of 23232175?
False
Does 26 divide 1698128536?
True
Does 7 divide 15857317?
True
Is 59472400 a multiple of 26?
True
Is 790 a factor of 283527050?
True
Is 4133073 a multiple of 1029?
False
Is 515 a factor of 286547923?
False
Is 12 a factor of 30049447?
False
Is 15824924 a multiple of 311?
True
Is 2636 a factor of 16345150?
False
Is 69126300 a multiple of 12?
True
Is 266 a factor of 1051418998?
True
Is 11 a factor of 58274832?
True
Is 1216 a factor of 29856657?
False
Is 15 a factor of 700168566?
False
Does 1532 divide 10531095?
False
Is 766 a factor of 289473698?
True
Does 191 divide 87562551?
False
Is 356 a factor of 126272241?
False
Is 11 a factor of 484038007?
False
Is 32 a factor of 32290097?
False
Does 38 divide 743254312?
True
Is 142510375 a multiple of 30?
False
Is 1266618 a multiple of 8?
False
Is 111858364 a multiple of 52?
False
Is 61 a factor of 37257458?
True
Is 656512892 a multiple of 171?
False
Does 3583 divide 1250725840?
False
Does 11 divide 3117617855?
True
Is 122 a factor of 2396301741?
False
Is 20846220 a multiple of 30?
True
Is 3810339 a multiple of 15?
False
Is 1084 a factor of 67669797?
False
Is 2932695 a multiple of 45?
True
Is 10210640 a multiple of 88?
True
Is 14 a factor of 245345198?
True
Does 13 divide 150569679?
True
Is 704 a factor of 20624876?
False
Is 149 a factor of 2561710810?
True
Does 3381 divide 944348229?
False
Does 574 divide 421291972?
False
Does 147 divide 184327448?
False
Does 17 divide 2511094242?
True
Does 297 divide 53273484?
True
Does 47 divide 497022328?
False
Is 157472273 a multiple of 119?
False
Does 9 divide 2397600?
True
Does 2074 divide 308194326?
True
Is 138 a factor of 182820606?
True
Does 4 divide 5714366?
False
Is 45682657 even?
False
Is 818358615 a multiple of 465?
True
Is 3564990 a multiple of 277?
True
Does 103 divide 473427552?
True
Does 220 divide 542927440?
True
Is 22044198 a multiple of 1025?
False
Is 1571746804 a multiple of 76?
True
Is 304 a factor of 83911296?
True
Is 200589877 a multiple of 1216?
False
Is 212 a factor of 213876826?
False
Is 150301925 a multiple of 547?
True
Does 39 divide 629707715?
False
Is 6390 a factor of 6784931?
False
Is 300533000 a multiple of 36?
False
Is 44 a factor of 78523344?
False
Is 229295803 a multiple of 874?
False
Is 47 a factor of 5184626?
False
Is 18 a factor of 3481321590?
True
Is 24 a factor of 890832?
True
Does 2283 divide 486591438?
False
Is 30332764 a multiple of 1078?
True
Is 491523978 a multiple of 123?
False
Is 77711168 a multiple of 442?
False
Is 1935 a factor of 192927240?
True
Does 13 divide 2232743968?
True
